er when 213 is divided by 102?
9
Calculate the remainder when 6197 is divided by 20.
17
What is the remainder when 140 is divided by 29?
24
What is the remainder when 567 is divided by 38?
35
Calculate the remainder when 210 is divided by 84.
42
Calculate the remainder when 857 is divided by 32.
25
Calculate the remainder when 16826 is divided by 18.
14
Calculate the remainder when 132 is divided by 3.
0
Calculate the remainder when 1270 is divided by 388.
106
Calculate the remainder when 105 is divided by 33.
6
What is the remainder when 321 is divided by 26?
9
What is the remainder when 4441 is divided by 171?
166
Calculate the remainder when 57 is divided by 6.
3
Calculate the remainder when 1127 is divided by 80.
7
Calculate the remainder when 508 is divided by 49.
18
What is the remainder when 345 is divided by 25?
20
Calculate the remainder when 36 is divided by 13.
10
Calculate the remainder when 337 is divided by 323.
14
What is the remainder when 14997 is divided by 15?
12
Calculate the remainder when 433 is divided by 218.
215
Calculate the remainder when 18997 is divided by 38.
35
Calculate the remainder when 4099 is divided by 20.
19
Calculate the remainder when 1666 is divided by 112.
98
What is the remainder when 461 is divided by 77?
76
What is the remainder when 65 is divided by 28?
9
What is the remainder when 63 is divided by 16?
15
Calculate the remainder when 1929 is divided by 42.
39
Calculate the remainder when 4103 is divided by 19.
18
Calculate the remainder when 19 is divided by 10.
9
What is the remainder when 117 is divided by 46?
25
Calculate the remainder when 522 is divided by 130.
2
Calculate the remainder when 613 is divided by 222.
169
Calculate the remainder when 160 is divided by 54.
52
What is the remainder when 2183 is divided by 1076?
31
What is the remainder when 3799 is divided by 1897?
5
What is the remainder when 3987 is divided by 35?
32
What is the remainder when 3522 is divided by 704?
2
Calculate the remainder when 9 is divided by 3.
0
What is the remainder when 219 is divided by 91?
37
What is the remainder when 1468 is divided by 49?
47
Calculate the remainder when 12306 is divided by 24.
18
Calculate the remainder when 883 is divided by 59.
57
Calculate the remainder when 2541 is divided by 8.
5
What is the remainder when 34 is divided by 6?
4
Calculate the remainder when 399 is divided by 40.
39
Calculate the remainder when 58 is divided by 6.
4
What is the remainder when 1424 is divided by 280?
24
What is the remainder when 91 is divided by 48?
43
What is the remainder when 4243 is divided by 37?
25
Calculate the remainder when 273 is divided by 25.
23
What is the remainder when 2478 is divided by 62?
60
What is the remainder when 27 is divided by 19?
8
Calculate the remainder when 550 is divided by 29.
28
Calculate the remainder when 1543 is divided by 384.
7
What is the remainder when 5924 is divided by 79?
78
What is the remainder when 370 is divided by 31?
29
What is the remainder when 1021 is divided by 93?
91
Calculate the remainder when 87 is divided by 13.
9
What is the remainder when 122 is divided by 114?
8
What is the remainder when 256 is divided by 65?
61
What is the remainder when 2012 is divided by 35?
17
What is the remainder when 47139 is divided by 10?
9
What is the remainder when 54 is divided by 29?
25
What is the remainder when 922 is divided by 288?
58
What is the remainder when 78 is divided by 13?
0
Calculate the remainder when 661 is divided by 13.
11
What is the remainder when 948 is divided by 13?
12
What is the remainder when 572 is divided by 289?
283
What is the remainder when 113 is divided by 30?
23
What is the remainder when 1256 is divided by 7?
3
Calculate the remainder when 1343 is divided by 48.
47
Calculate the remainder when 610 is divided by 29.
1
What is the remainder when 4929 is divided by 11?
1
What is the remainder when 139 is divided by 56?
27
Calculate the remainder when 3743 is divided by 75.
68
What is the remainder when 671 is divided by 571?
100
Calculate the remainder when 894 is divided by 13.
10
Calculate the remainder when 10475 is divided by 747.
17
What is the remainder when 732 is divided by 364?
4
What is the remainder when 20312 is divided by 11?
6
Calculate the remainder when 1696 is divided by 85.
81
Calculate the remainder when 608 is divided by 120.
8
Calculate the remainder when 394 is divided by 145.
104
What is the remainder when 93 is divided by 30?
3
Calculate the remainder when 725 is divided by 34.
11
Calculate the remainder when 155 is divided by 29.
10
What is the remainder when 51 is divided by 23?
5
What is the remainder when 526 is divided by 14?
8
Calculate the remainder when 244 is divided by 233.
11
Calculate the remainder when 18 is divided by 3.
0
What is the remainder when 103 is divided by 26?
25
What is the remainder when 4893 is divided by 12?
9
Calculate the remainder when 62 is divided by 13.
10
Calculate the remainder when 683 is divided by 99.
89
Calculate the remainder when 233 is divided by 100.
33
Calculate the remainder when 574 is divided by 347.
227
Calculate the remainder when 91 is divided by 33.
25
Calculate the remainder when 1517 is divided by 40.
37
Calculate the remainder when 111 is divided by 10.
1
Calculate the remainder when 2219 is divided by 32.
11
What is the remainder when 476 is divided by 40?
36
What is the remainder when 107 is divided by 98?
9
What is the remainder when 519 is divided by 10?
9
What is the remainder when 230 is divided by 8?
6
Calculate the remainder when 187 is divided by 65.
57
What is the remainder when 432 is divided by 73?
67
What is the remainder when 1660 is divided by 237?
1
What is the remainder when 2530 is divided by 230?
0
What is the remainder when 5217 is divided by 652?
1
Calculate the remainder when 663 is divided by 11.
3
Calculate the remainder when 162 is divided by 11.
8
What is the remainder when 296 is divided by 63?
44
What is the remainder when 1170 is divided by 14?
8
What is the remainder when 88 is divided by 24?
16
What is the remainder when 395 is divided by 11?
10
What is the remainder when 6248 is divided by 139?
132
Calculate the remainder when 344 is divided by 327.
17
Calculate the remainder when 616 is divided by 27.
22
What is the remainder when 60 is divided by 32?
28
Calculate the remainder when 91 is divided by 25.
16
What is the remainder when 534 is divided by 179?
176
Calculate the remainder when 4449 is divided by 10.
9
Calculate the remainder when 288 is divided by 110.
68
Calculate the remainder when 13224 is divided by 42.
36
Calculate the remainder when 232 is divided by 79.
74
Calculate the remainder when 57640 is divided by 59.
56
What is the remainder when 23 is divided by 19?
4
What is the remainder when 2054 is divided by 29?
24
What is the remainder when 18 is divided by 12?
6
What is the remainder when 1086 is divided by 33?
30
Calculate the remainder when 4137 is divided by 69.
66
Calculate the remainder when 190 is divided by 22.
14
What is the remainder when 308 is divided by 27?
11
What is the remainder when 179 is divided by 46?
41
What is the remainder when 190 is divided by 32?
30
Calculate the remainder when 324 is divided by 33.
27
What is the remainder when 2593 is divided by 11?
8
Calculate the remainder when 128 is divided by 30.
8
Calculate the remainder when 7 is divided by 2.
1
What is the remainder when 2534 is divided by 13?
12
Calculate the remainder when 42 is divided by 15.
12
Calculate the remainder when 878 is divided by 391.
96
Calculate the remainder when 473 is divided by 14.
11
Calculate the remainder when 566 is divided by 210.
146
What is the remainder when 203 is divided by 97?
9
Calculate the remainder when 825 is divided by 71.
44
Calculate the remainder when 2944 is divided by 1469.
6
Calculate the remainder when 119 is divided by 29.
3
Calculate the remainder when 1705 is divided by 61.
58
What is the remainder when 485 is divided by 70?
65
Calculate the remainder when 28 is divided by 19.
9
What is the remainder when 9174 is divided by 306?
300
What is the remainder when 143 is divided by 54?
35
Calculate the remainder when 88 is divided by 10.
8
Calculate the remainder when